-2*n**2 - 2*n - 1. Suppose 4*p + 71 = 5*v, -v - 5*p = -1 + 10. Suppose -c + v = 3*w, -3 = -5*c - 3*w + w. Calculate x(c).
-1
Let l(m) = -10*m + 2. Let d(t) = t**2 - 8*t - 2. Let h be d(6). Let n = 16 + h. Give l(n).
-18
Let k(v) = -v**2 - 8*v + 5. Let i be ((-1)/(-3 + 2))/((-3)/27). What is k(i)?
-4
Let s(a) be the first derivative of 0*a**2 - 3/2*a**4 - 2/3*a**3 + a - 25. Calculate s(1).
-7
Suppose -k - 12 + 15 = 0. Let u(f) = 2 + 7 - 4*f**2 + f**k - 2*f - 7 - 2*f**3. What is u(-2)?
-2
Let f(x) = -x + 2. Let l(c) = c**2 - 34. Let p be l(-6). Let a(u) = u**3 - 5*u**2 + 5*u - 1. Let g be a(4). Suppose -p*d = g*d. Determine f(d).
2
Suppose 5*d + 12*h - 14*h = -11, 5*h = 15. Let r(z) be the first derivative of -7*z**3/3 + z + 1. What is r(d)?
-6
Let n(j) = 3*j - 3. Let z(i) = 3*i - 2. Let a(u) = -4*n(u) + 5*z(u). Calculate a(4).
14
Let b(z) = -3*z - 62. Let v be b(-22). Let w(n) = -2*n. Calculate w(v).
-8
Let k be (12/(-2))/(-3) + (90 - 0). Suppose -95*n + 18 = -k*n. Let j(l) = l - 4. What is j(n)?
2
Let v be -4*(-206)/8 + 2 + 1. Let i = v + -116. Let f(n) = n**3 + 9*n**2 - 9*n + 7. Give f(i).
-3
Let k(x) = 0*x**3 - 4 + 150*x + 4*x**3 + 4*x**3 - 139*x + 12*x**2 - 7*x**3. Suppose -l + 4 = 3*l, -54 = 5*i + l. Give k(i).
-4
Let t(k) = 0 - 42*k**2 - 7 + 43*k**2 + 4*k. Suppose -5 = 4*b + 2*n - 5*n, 20 = -4*n. Determine t(b).
-2
Let d(n) = -13*n**3 + 107*n**2 - 90*n - 128. Let b(p) = -3*p**3 + 27*p**2 - 23*p - 32. Let z(q) = 9*b(q) - 2*d(q). Determine z(28).
-4
Let a(s) = s**2 + 5*s + 3. Let b(h) = 2*h - 9. Let j be b(6). Suppose -3*q - 11 = -5*q - j*c, 2*q = -2*c + 6. Determine a(q).
-3
Let y = -1 + 1. Suppose -4*u - 5 + 17 = 2*l, 5*u - 4*l - 15 = 0. Let r(v) = 3 - 2 + u*v**2 - v + v**3 - 2*v**2. What is r(y)?
1
Let z be (-5)/7 - (-2)/(-7). Let s be z - 0 - (-11 - -10). Suppose s*i = -2*i. Let y(l) = l**2 + 6. Give y(i).
6
Let b be (-1 + -1)/(-1 - -2). Suppose -o - 10 = -14. Let g(u) = -o*u**2 + 30 - 29 - u**3 + 2*u**2 - 2*u**2. Determine g(b).
-7
Let t(u) = 5*u + 4. Let n be ((-3)/(-6))/((-2)/52). Let z = -11 - n. Suppose z*m = -3*s - 0*m - 13, -m + 4 = -2*s. Give t(s).
-11
Let d(c) = -c**2 + 7*c. Let x be d(6). Let g(u) = 0*u**2 - 3 - x + 6*u + u**2. Give g(-7).
-2
Let q(w) be the third derivative of w**6/40 - 3*w**5/20 + w**4/4 - w**3/2 - 60*w**2. Let k(c) = c**3 - c**2. Let u(v) = -2*k(v) + q(v). What is u(4)?
-27
Let x be 25/(-3)*(-1710)/1425. Let j(o) = o**3 - 9*o**2 - 10*o - 13. Determine j(x).
-13
Let p(s) = s**2 + 7*s + 7. Let b = -10 + 13. Suppose 3*d + 3 = 3*z, -b*z - 1 = -3*d - 2*d. Suppose 0 = -z*a - 9 - 6. Give p(a).
-3
Let o(z) = 2*z**2 + z - 2. Let f(b) be the second derivative of -b**3/3 - 7*b**2 + 22*b. Let h = -9 - -3. Let a be f(h). Determine o(a).
4
Let i(b) = 135 - 30 - 37 - 30 - b**2 + b - 34. Calculate i(-7).
-52
Let n(u) be the second derivative of -u**3/6 - 68*u. Let k be (-72)/(-16) + 2/(-4). Give n(k).
-4
Let l be (-2 - (-30)/9)/((-20)/(-15)). Let n(k) = -59*k - 1. Give n(l).
-60
Let s(y) = -2*y**2 - 50 + 54 + y**2 - y. What is s(-3)?
-2
Let b(p) = 2*p**2 - 94*p + 49. Let m(y) = -y**2 + 32*y - 17. Let s(a) = 4*b(a) + 11*m(a). Give s(-8).
9
Let d(x) = -x**3 + 22*x**2 - 56*x - 18. Let u be d(19). Let l(t) be the second derivative of 11*t**3/6 - t**2/2 - 3*t. Determine l(u).
10
Let p = 29 + -58. Let j = -22 - p. Let r(s) = s**3 - 8*s**2 + 7*s - 5. Calculate r(j).
-5
Let c(p) = 5 + 1 + 3*p - 1. Suppose 16 - 24 = 4*s. Calculate c(s).
-1
Let y(p) = -4*p + 13. Suppose -4*u + 15 = -5*w + 45, 0 = -2*w - 2*u + 12. Calculate y(w).
-11
Let j(v) = -5*v + 1. Suppose 0*p - 2*p + 2 = -l, -5*p = 0. What is j(l)?
11
Let q(w) = w**2 - 6*w - 2. Let y(t) = 2*t**2 - 13*t - 3. Let p(v) = 5*q(v) - 2*y(v). What is p(7)?
17
Let m(w) = -21*w + 18. Let t be m(1). Let x(h) = -h**2 - h - 3. What is x(t)?
-9
Let l = 11 + -8. Let k(x) be the second derivative of 0 + 0*x**3 - 3/2*x**2 - 10*x - 1/12*x**4. Give k(l).
-12
Let h(i) = 2*i**2 - 26*i - 31. Let k be h(14). Let v(f) = 2*f - 4*f**2 - 3 - 7*f + 3*f**2. Give v(k).
3
Let o(x) = -8*x**2 - 327 - 319 + 5*x + x**3 + 657. What is o(8)?
51
Let t(n) be the second derivative of -n**4/12 - n**3 - 5*n**2 - 8*n - 3. What is t(-5)?
-5
Let k(s) = 2*s**2 + 8*s - 4. Let w be k(-5). Let p(t) = t**3 - 7*t**2 + 3*t + 1. What is p(w)?
-17
Suppose -2 = -4*x - h + 3, 2*h + 10 = 2*x. Let q = 98 + -71. Let p(f) = 2*f - f**3 + 0*f**2 - f**x - 29 + q. What is p(2)?
-10
Suppose -1469 = 10*s - 1379. Let d(m) = 2*m**2 + 18*m + 10. Calculate d(s).
10
Let f(v) be the second derivative of -v**5/20 - v**4/4 + v**3/6 - 3*v**2 - 8*v - 5. Determine f(0).
-6
Let q = -1 + 5. Suppose 3*m - 2*u + 10 = 0, -2*m + 4 = -0*u - q*u. Let c(p) = 0*p**2 + 2*p + 3 - 1 + p**2 + 5*p. What is c(m)?
-4
Let c(t) = t + 19. Let l(u) = 2*u**3 - 15*u**2 + 19*u + 18. Let o be l(5). Determine c(o).
7
Let b(g) = 2*g**3 + 5*g**2 + g - 1. Let k(l) = -14*l**3 - 28*l**2 - 3*l + 4. Let v(n) = -6*b(n) - k(n). What is v(3)?
29
Suppose 0 = -29*a + 34*a - 260. Let w = 62 - a. Let l(u) = -u**3 + 9*u**2 + 9*u - 3. Give l(w).
-13
Let x(u) = u + 6. Suppose 0 = -2*k - 3*r + 54, 6*r + 128 = 4*k + 2*r. Suppose 0 = 2*p + s - k, -5*p = 2*s - s - 72. Let m be (-1)/(-3)*210/p. Give x(m).
11
Let x(l) be the second derivative of -1/20*l**5 + 16*l - 1/12*l**4 + 1/3*l**3 + 1/2*l**2 + 0. What is x(-2)?
1
Let f(l) = -9*l + 23*l - 6*l - 7*l + 2. Let m be ((-2)/4)/(-2*(-1)/4). Determine f(m).
1
Let d(m) = -2*m**2 + 3*m + 2. Let o be 10/(-65) + 15/13. Let x = 2 + o. Determine d(x).
-7
Let y(z) = z + 2. Let b(d) = -d**3 + 11*d**2 - 5. Let i be b(11). Determine y(i).
-3
Let r(j) be the second derivative of -j**4/3 + 4*j**3/3 + 2*j**2 + 619*j. What is r(3)?
-8
Suppose -2*z = -4*l + 4 + 4, 0 = -3*l + 4*z + 16. Suppose 2*w + w = l. Suppose 6 - 2 = -4*i, m - 4*i - 11 = w. Let k(g) = g**2 - 7*g - 1. What is k(m)?
-1
Let g(j) = -8*j**3 - j**2 + j + 1. Suppose 2*l - 5*s + 21 = -25, -66 = 4*l + 3*s. Let z = -19 - l. Give g(z).
7
Let f(x) = x. Suppose -2*q + 3*q - 23 = 0. Let y(n) = -n**3 - 9*n**2 - 10*n + 6. Let v be y(-8). Let t = q - v. What is f(t)?
1
Let k be 6/(-6)*(1 + 25/5). Let c(j) = -2*j - 3. What is c(k)?
9
Let b(h) = -703*h**2 + h**3 - 691*h**2 + 12*h + 1407*h**2 - 13. Give b(-12).
-13
Let x(d) = 8*d**3 - d**3 - 8*d - 6 - 11 + 0*d**3 + 19*d**2. Let r(b) = -3*b**3 - 9*b**2 + 4*b + 8. Let y(q) = 9*r(q) + 4*x(q). What is y(4)?
4
Let a(z) = 2*z**2 - 4*z - 1. Let l(o) = 2*o**2 - o - 1. Let w(y) = -3*y**2 + 2*y + 2. Let t(x) = 5*l(x) + 3*w(x). Let j(q) = -a(q) + t(q). What is j(4)?
6
Suppose 0*y + 4 = 4*y. Let b(m) = 9*m**3 - 3*m**2 - 2*m + 4. Let t(z) = 9*z**3 - 2*z**2 - 2*z + 3. Let j(f) = 2*b(f) - 3*t(f). Calculate j(y).
-8
Let q = 97 - 95. Let b(j) = 3*j**2 + 3*j - 2. Calculate b(q).
16
Let f be (-20)/6*6/(-10). Suppose 4*j + f = 5*j. Let x(a) = 0 + 5*a**j + a + 1 + 1 - 4*a**2. Determine x(2).
8
Let q(m) be the second derivative of 1/6*m**3 + 0 - 3/2*m**2 - 13*m. Give q(6).
3
Let j(l) be the second derivative of -l**3/6 - 6*l**2 + 26*l + 2. What is j(-13)?
1
Let v = -1741 - -1747. Let f(d) = -d**2 + 2*d - 7. Determine f(v).
-31
Let d(j) = 7276 - 8*j - j**2 - 7276 + 0*j. Determine d(-7).
7
Suppose 0 = -0*j - 6*j - 108. Let b = j + 17. Let r(g) = 14*g**2 - 1. Determine r(b).
13
Let d(y) be the third derivative of y**5/60 + y**4/24 - y**3/3 + 10*y**2. Suppose 5*z = 7 - 27, 3*j + 3*z + 18 = 0. Determine d(j).
0
Let q be 0/(-1) + (-180)/(-20). Let j(a) = a - 3. Determine j(q).
6
Let h(k) = -2 + 1 + 0 - 13*k + 2. Calculate h(1).
-12
Let w(l) = 6 + 16*l**3 + 0*l**3 - 26*l + 0 + 4*l**2 + 5*l. Let h(i) = -3*i**3 - i**2 + 4*i - 1. Let y(m) = 11*h(m) + 2*w(m). Determine y(2).
-15
Let z(q) = 5 + 50*q + 5 - 25*q - 27*q. What is z(4)?
2
Let u(x) = -5*x. Let n be u(6). Let m = n + 34. Let o(q) = -q - 1. Give o(m).
-5
Let i(g) = g**3 + 8*g**2 - 2*g - 12. Let h be i(-8). Let w be 1 + (h - (0 + 3)). Let l(d) = -4*d**3 + 2 + 3*d**3 - d - 4 + 3*d - d**w. Give l(2).
-10
Let y(q) = q + 2. Let p(w) = w**2 + 25*w - 50. Let d be p(-27). Suppose -2*f = -5*f - d*x - 19, f - 5*x = 0. Determine y(f).
-3
Let g(q) = -4*q**2 - 1. Let d be (-3 + 4 + 52/(-3))*3. Let m = 48 + d. Calculate g(m).
-5
Let m be (60/(-9))/2*90/75. Let o(d) = 10*d - 2. Let j(w) = 7*w - 1. Let l(r) = -7*j(r) + 5*o(r). Determine l(m).
-7
Let j b